 prime factors of 2001.
3, 23, 29
List the prime factors of 5940.
2, 3, 5, 11
What are the prime factors of 12711?
3, 19, 223
List the prime factors of 426.
2, 3, 71
List the prime factors of 657.
3, 73
List the prime factors of 1606.
2, 11, 73
List the prime factors of 79839.
3, 2957
What are the prime factors of 11081?
7, 1583
What are the prime factors of 14795?
5, 11, 269
What are the prime factors of 35668?
2, 37, 241
List the prime factors of 1283.
1283
List the prime factors of 2576.
2, 7, 23
List the prime factors of 6425.
5, 257
List the prime factors of 530.
2, 5, 53
What are the prime factors of 3129?
3, 7, 149
What are the prime factors of 98455?
5, 7, 29, 97
What are the prime factors of 6058?
2, 13, 233
List the prime factors of 4577.
23, 199
What are the prime factors of 3180?
2, 3, 5, 53
List the prime factors of 15383.
15383
List the prime factors of 1828.
2, 457
What are the prime factors of 1755?
3, 5, 13
List the prime factors of 2444.
2, 13, 47
What are the prime factors of 80759?
7, 83, 139
What are the prime factors of 47770?
2, 5, 17, 281
List the prime factors of 39330.
2, 3, 5, 19, 23
List the prime factors of 17325.
3, 5, 7, 11
List the prime factors of 16050.
2, 3, 5, 107
What are the prime factors of 2992?
2, 11, 17
What are the prime factors of 933?
3, 311
List the prime factors of 370.
2, 5, 37
List the prime factors of 1069.
1069
List the prime factors of 7102.
2, 53, 67
What are the prime factors of 14909?
17, 877
What are the prime factors of 49829?
13, 3833
List the prime factors of 1339.
13, 103
List the prime factors of 628.
2, 157
List the prime factors of 2205.
3, 5, 7
List the prime factors of 4898.
2, 31, 79
List the prime factors of 44852.
2, 11213
List the prime factors of 1986.
2, 3, 331
What are the prime factors of 48179?
48179
List the prime factors of 86249.
86249
What are the prime factors of 301?
7, 43
List the prime factors of 63643.
31, 2053
List the prime factors of 86630.
2, 5, 8663
List the prime factors of 13357.
19, 37
List the prime factors of 132720.
2, 3, 5, 7, 79
List the prime factors of 29343.
3, 9781
List the prime factors of 75.
3, 5
List the prime factors of 169.
13
List the prime factors of 628.
2, 157
What are the prime factors of 1043?
7, 149
What are the prime factors of 44805?
3, 5, 29, 103
What are the prime factors of 1248?
2, 3, 13
List the prime factors of 5133.
3, 29, 59
What are the prime factors of 1565?
5, 313
List the prime factors of 313.
313
What are the prime factors of 6650?
2, 5, 7, 19
What are the prime factors of 6869?
6869
What are the prime factors of 2040?
2, 3, 5, 17
What are the prime factors of 841?
29
List the prime factors of 265.
5, 53
List the prime factors of 132827.
43, 3089
What are the prime factors of 8782?
2, 4391
List the prime factors of 2043.
3, 227
List the prime factors of 713.
23, 31
List the prime factors of 2661.
3, 887
List the prime factors of 12694.
2, 11, 577
What are the prime factors of 13161?
3, 41, 107
List the prime factors of 23824.
2, 1489
What are the prime factors of 342?
2, 3, 19
List the prime factors of 480.
2, 3, 5
What are the prime factors of 98319?
3, 13, 2521
List the prime factors of 7983.
3, 887
List the prime factors of 79671.
3, 26557
What are the prime factors of 4026?
2, 3, 11, 61
What are the prime factors of 101507?
7, 17, 853
What are the prime factors of 586?
2, 293
List the prime factors of 838.
2, 419
What are the prime factors of 465?
3, 5, 31
What are the prime factors of 8477?
7, 173
What are the prime factors of 806?
2, 13, 31
List the prime factors of 4380.
2, 3, 5, 73
List the prime factors of 36456.
2, 3, 7, 31
What are the prime factors of 2685?
3, 5, 179
List the prime factors of 1527.
3, 509
List the prime factors of 60810.
2, 3, 5, 2027
List the prime factors of 39373.
39373
What are the prime factors of 6374?
2, 3187
What are the prime factors of 26012?
2, 7, 929
List the prime factors of 782.
2, 17, 23
List the prime factors of 367.
367
List the prime factors of 95809.
7, 13687
List the prime factors of 18085.
5, 3617
What are the prime factors of 6064?
2, 379
List the prime factors of 10945.
5, 11, 199
What are the prime factors of 3309?
3, 1103
What are the prime factors of 59633?
7, 1217
List the prime factors of 1266.
2, 3, 211
List the prime factors of 2146.
2, 29, 37
What are the prime factors of 2950?
2, 5, 59
List the prime factors of 19994.
2, 13, 769
What are the prime factors of 1452?
2, 3, 11
What are the prime factors of 152?
2, 19
List the prime factors of 10125.
3, 5
What are the prime factors of 7503?
3, 41, 61
List the prime factors of 399.
3, 7, 19
What are the prime factors of 41566?
2, 7, 2969
What are the prime factors of 1585?
5, 317
What are the prime factors of 23574?
2, 3, 3929
What are the prime factors of 22097?
19, 1163
List the prime factors of 29872.
2, 1867
List the prime factors of 959.
7, 137
What are the prime factors of 8529?
3, 2843
List the prime factors of 105927.
3, 17, 31, 67
List the prime factors of 433.
433
List the prime factors of 5631.
3, 1877
What are the prime factors of 2108?
2, 17, 31
What are the prime factors of 11283?
3, 3761
What are the prime factors of 23128?
2, 7, 59
List the prime factors of 1815.
3, 5, 11
List the prime factors of 18231.
3, 59, 103
List the prime factors of 138094.
2, 11, 6277
List the prime factors of 3695.
5, 739
List the prime factors of 12769.
113
What are the prime factors of 1145?
5, 229
What are the prime factors of 25483?
17, 1499
List the prime factors of 82513.
109, 757
What are the prime factors of 7372?
2, 19, 97
List the prime factors of 4179.
3, 7, 199
List the prime factors of 3429.
3, 127
List the prime factors of 34900.
2, 5, 349
List the prime factors of 1240.
2, 5, 31
What are the prime factors of 21664?
2, 677
List the prime factors of 7225.
5, 17
What are the prime factors of 38965?
5, 7793
What are the prime factors of 26027?
17, 1531
List the prime factors of 3710.
2, 5, 7, 53
What are the prime factors of 2930?
2, 5, 293
What are the prime factors of 5766?
2, 3, 31
List the prime factors of 618.
2, 3, 103
List the prime factors of 605.
5, 11
What are the prime factors of 2205?
3, 5, 7
What are the prime factors of 1838?
2, 919
What are the prime factors of 44831?
127, 353
What are the prime factors of 64438?
2, 11, 29, 101
List the prime factors of 20332.
2, 13, 17, 23
List the prime factors of 572.
2, 11, 13
What are the prime factors of 55847?
11, 5077
What are the prime factors of 24660?
2, 3, 5, 137
List the prime factors of 22860.
2, 3, 5, 127
What are the prime factors of 39647?
41, 967
List the prime factors of 1882.
2, 941
List the prime factors of 33408.
2, 3, 29
What are the prime factors of 4785?
3, 5, 11, 29
List the prime factors of 48403.
97, 499
What are the prime factors of 2109?
3, 19, 37
What are the prime factors of 138?
2, 3, 23
List the prime factors of 6245.
5, 1249
List the prime factors of 245.
5, 7
What are the prime factors of 2060?
2, 5, 103
List the prime factors of 3013.
23, 131
List the prime factors of 1687.
7, 241
What are the prime factors of 20377?
7, 41, 71
List the prime factors of 577.
577
What are the prime factors of 2957?
2957
List the prime factors of 2573.
31, 83
What are the prime factors of 1329?
3, 443
List the prime factors of 2999.
2999
What are the prime factors of 1001?
7, 11, 13
List the prime factors of 5899.
17, 347
List the prime factors of 43335.
3, 5, 107
List the prime factors of 9427.
11, 857
What are the prime factors of 274?
2, 137
List the prime factors of 8480.
2, 5, 53
List the prime factors of 391.
17, 23
What are the prime factors of 416?
2, 13
What are the prime factors of 4355?
5, 13, 67
List the prime factors of 62118.
2, 3, 7, 17, 29
List the prime factors of 14589.
3, 1621
What are the prime factors of 34075?
5, 29, 47
What are the prime factors of 12727?
11, 13, 89
List the prime factors of 1418.
2, 709
What are the prime factors of 11255?
5, 2251
List the prime factors of 64120.
2, 5, 7, 229
What are the prime factors of 4443?
3, 1481
List the prime factors of 4342.
2, 13, 167
List the prime factors of 113968.
2, 17, 419
List the prime factors of 3526.
2, 41, 43
List the prime factors of 38084.
2, 9521
List the prime